{"id":17,"date":"2020-10-04T14:58:54","date_gmt":"2020-10-04T14:58:54","guid":{"rendered":"https:\/\/zanshin.es\/?page_id=17"},"modified":"2021-04-20T23:19:42","modified_gmt":"2021-04-20T21:19:42","slug":"inicio","status":"publish","type":"page","link":"https:\/\/zanshin.es\/?page_id=17","title":{"rendered":"Inicio"},"content":{"rendered":"\r\n<h1><strong>\u00a1 Bienvenido a ZANSHIN !<\/strong><\/h1>\r\n<p>Este sitio se encuentra <strong>BAJO CONSTRUCCI\u00d3N.<\/strong><\/p>\r\n<p><strong> Zanshin <\/strong>en Espa\u00f1a es sin\u00f3nimo de <strong>Juan Antonio Quir\u00f3s Mart\u00ednez, 8\u00ba Dan de Shito-Ryu Karate-Do<\/strong> llevando en la actualidad m\u00e1s de 49 a\u00f1os de su pr\u00e1ctica.<\/p>\r\n<p><em>Puedes ir echando un vistazo a los m\u00e1s que interesantes <a href=\"https:\/\/zanshin.es\/?cat=12\">art\u00edculos ya publicados.<\/a><\/em><\/p>\r\n<p>En los pr\u00f3ximos d\u00edas iremos publicando m\u00e1s contenido que esperamos sean de vuestro inter\u00e9s.<\/p>\r\n<p>Muchas gracias por conectar !<\/p>\r\n","protected":false},"excerpt":{"rendered":"<p>\u00a1 Bienvenido a ZANSHIN ! Este sitio se encuentra BAJO CONSTRUCCI\u00d3N. Zanshin en Espa\u00f1a es sin\u00f3nimo de Juan Antonio Quir\u00f3s Mart\u00ednez, 8\u00ba Dan de Shito-Ryu &hellip;<\/p>\n","protected":false},"author":18,"featured_media":0,"parent":0,"menu_order":0,"comment_status":"closed","ping_status":"closed","template":"","meta":{"footnotes":""},"class_list":["post-17","page","type-page","status-publish","hentry"],"yoast_head":"<!-- This site is optimized with the Yoast SEO plugin v15.2.1 - https:\/\/yoast.com\/wordpress\/plugins\/seo\/ -->\n<title>Inicio - ZANSHIN<\/title>\n<meta name=\"robots\" content=\"index, follow, max-snippet:-1, max-image-preview:large, max-video-preview:-1\" \/>\n<link rel=\"canonical\" href=\"https:\/\/zanshin.es\/?page_id=17\" \/>\n<meta property=\"og:locale\" content=\"es_ES\" \/>\n<meta property=\"og:type\" content=\"article\" \/>\n<meta property=\"og:title\" content=\"Inicio - ZANSHIN\" \/>\n<meta property=\"og:description\" content=\"\u00a1 Bienvenido a ZANSHIN ! Este sitio se encuentra BAJO CONSTRUCCI\u00d3N. Zanshin en Espa\u00f1a es sin\u00f3nimo de Juan Antonio Quir\u00f3s Mart\u00ednez, 8\u00ba Dan de Shito-Ryu &hellip;\" \/>\n<meta property=\"og:url\" content=\"https:\/\/zanshin.es\/?page_id=17\" \/>\n<meta property=\"og:site_name\" content=\"ZANSHIN\" \/>\n<meta property=\"article:modified_time\" content=\"2021-04-20T21:19:42+00:00\" \/>\n<meta name=\"twitter:card\" content=\"summary_large_image\" \/>\n<meta name=\"twitter:label1\" content=\"Escrito por\">\n\t<meta name=\"twitter:data1\" content=\"David Sanz\">\n\t<meta name=\"twitter:label2\" content=\"Tiempo de lectura\">\n\t<meta name=\"twitter:data2\" content=\"0 minutos\">\n<script type=\"application\/ld+json\" class=\"yoast-schema-graph\">{\"@context\":\"https:\/\/schema.org\",\"@graph\":[{\"@type\":\"WebSite\",\"@id\":\"https:\/\/zanshin.es\/#website\",\"url\":\"https:\/\/zanshin.es\/\",\"name\":\"ZANSHIN\",\"description\":\"KARATE DO - J. A. Quir\\u00f3s\",\"potentialAction\":[{\"@type\":\"SearchAction\",\"target\":\"https:\/\/zanshin.es\/?s={search_term_string}\",\"query-input\":\"required name=search_term_string\"}],\"inLanguage\":\"es\"},{\"@type\":\"WebPage\",\"@id\":\"https:\/\/zanshin.es\/?page_id=17#webpage\",\"url\":\"https:\/\/zanshin.es\/?page_id=17\",\"name\":\"Inicio - ZANSHIN\",\"isPartOf\":{\"@id\":\"https:\/\/zanshin.es\/#website\"},\"datePublished\":\"2020-10-04T14:58:54+00:00\",\"dateModified\":\"2021-04-20T21:19:42+00:00\",\"inLanguage\":\"es\",\"potentialAction\":[{\"@type\":\"ReadAction\",\"target\":[\"https:\/\/zanshin.es\/?page_id=17\"]}]}]}<\/script>\n<!-- \/ Yoast SEO plugin. -->","_links":{"self":[{"href":"https:\/\/zanshin.es\/index.php?rest_route=\/wp\/v2\/pages\/17","targetHints":{"allow":["GET"]}}],"collection":[{"href":"https:\/\/zanshin.es\/index.php?rest_route=\/wp\/v2\/pages"}],"about":[{"href":"https:\/\/zanshin.es\/index.php?rest_route=\/wp\/v2\/types\/page"}],"author":[{"embeddable":true,"href":"https:\/\/zanshin.es\/index.php?rest_route=\/wp\/v2\/users\/18"}],"replies":[{"embeddable":true,"href":"https:\/\/zanshin.es\/index.php?rest_route=%2Fwp%2Fv2%2Fcomments&post=17"}],"version-history":[{"count":6,"href":"https:\/\/zanshin.es\/index.php?rest_route=\/wp\/v2\/pages\/17\/revisions"}],"predecessor-version":[{"id":585,"href":"https:\/\/zanshin.es\/index.php?rest_route=\/wp\/v2\/pages\/17\/revisions\/585"}],"wp:attachment":[{"href":"https:\/\/zanshin.es\/index.php?rest_route=%2Fwp%2Fv2%2Fmedia&parent=17"}],"curies":[{"name":"wp","href":"https:\/\/api.w.org\/{rel}","templated":true}]}}